{"id":132,"date":"2019-06-24T23:52:22","date_gmt":"2019-06-24T20:52:22","guid":{"rendered":"http:\/\/makehakkinen.fi\/?page_id=132"},"modified":"2019-10-14T10:54:16","modified_gmt":"2019-10-14T07:54:16","slug":"ohjelmapalvelut","status":"publish","type":"page","link":"http:\/\/makehakkinen.fi\/index.php\/ohjelmapalvelut\/","title":{"rendered":"Ohjelmapalvelut"},"content":{"rendered":"<p>[et_pb_section fb_built=&#8221;1&#8243; fullwidth=&#8221;on&#8221; _builder_version=&#8221;3.22.3&#8243; background_color=&#8221;#2ea3f2&#8243; use_background_color_gradient=&#8221;on&#8221; background_color_gradient_start=&#8221;#2ea3f2&#8243; background_color_gradient_end=&#8221;#2e6df4&#8243; background_color_gradient_direction=&#8221;330deg&#8221;][et_pb_fullwidth_header title=&#8221;Ohjelmapalvelut&#8221; subhead=&#8221;Kaipaatko tilaisuuteesi musiikkia &#8211; Make H\u00e4kkinen tarjoaa ohjelmaa&#8221; _builder_version=&#8221;3.23.3&#8243; title_font=&#8221;||||||||&#8221; background_color=&#8221;rgba(255,255,255,0)&#8221; background_image=&#8221;http:\/\/makehakkinen.fi\/wp-content\/uploads\/2019\/07\/guitar-102708_1280.jpg&#8221; button_one_text_size__hover_enabled=&#8221;off&#8221; button_two_text_size__hover_enabled=&#8221;off&#8221; button_one_text_color__hover_enabled=&#8221;off&#8221; button_two_text_color__hover_enabled=&#8221;off&#8221; button_one_border_width__hover_enabled=&#8221;off&#8221; button_two_border_width__hover_enabled=&#8221;off&#8221; button_one_border_color__hover_enabled=&#8221;off&#8221; button_two_border_color__hover_enabled=&#8221;off&#8221; button_one_border_radius__hover_enabled=&#8221;off&#8221; button_two_border_radius__hover_enabled=&#8221;off&#8221; button_one_letter_spacing__hover_enabled=&#8221;off&#8221; button_two_letter_spacing__hover_enabled=&#8221;off&#8221; button_one_bg_color__hover_enabled=&#8221;off&#8221; button_two_bg_color__hover_enabled=&#8221;off&#8221;][\/et_pb_fullwidth_header][\/et_pb_section][et_pb_section fb_built=&#8221;1&#8243; _builder_version=&#8221;3.23.3&#8243; background_color=&#8221;#ededed&#8221; parallax=&#8221;on&#8221;][et_pb_row _builder_version=&#8221;3.23.3&#8243;][et_pb_column type=&#8221;1_2&#8243; _builder_version=&#8221;3.23.3&#8243;][et_pb_button button_url=&#8221;#fanclub&#8221; button_text=&#8221;Fan Club -cover duo-&#8221; button_alignment=&#8221;center&#8221; module_class=&#8221;button-two&#8221; _builder_version=&#8221;3.23.3&#8243; custom_button=&#8221;on&#8221; button_text_size=&#8221;20px&#8221; button_text_color=&#8221;#000000&#8243; button_border_width=&#8221;1px&#8221; button_border_radius=&#8221;4px&#8221; button_font=&#8221;Andada|700|||||||&#8221; button_icon=&#8221;%%26%%&#8221; custom_padding=&#8221;|54px||54px||true&#8221; button_text_size__hover=&#8221;20px&#8221; button_border_width__hover_enabled=&#8221;on&#8221; button_border_width__hover=&#8221;2px&#8221; button_border_color__hover_enabled=&#8221;on&#8221; button_border_color__hover=&#8221;#000000&#8243;][\/et_pb_button][et_pb_button button_text=&#8221;Make H\u00e4kkinen band&#8221; button_alignment=&#8221;center&#8221; _builder_version=&#8221;3.23.3&#8243; custom_button=&#8221;on&#8221; button_text_size=&#8221;20px&#8221; button_text_color=&#8221;#000000&#8243; button_border_width=&#8221;1px&#8221; button_border_radius=&#8221;4px&#8221; button_font=&#8221;Andada|700|||||||&#8221; button_icon=&#8221;%%26%%&#8221; custom_padding=&#8221;|49px||49px||true&#8221; button_border_width__hover_enabled=&#8221;on&#8221; button_border_width__hover=&#8221;2px&#8221; button_border_color__hover_enabled=&#8221;on&#8221; button_border_color__hover=&#8221;#000000&#8243; button_url=&#8221;#hakkinenband&#8221;][\/et_pb_button][\/et_pb_column][et_pb_column type=&#8221;1_2&#8243; _builder_version=&#8221;3.23.3&#8243;][et_pb_button button_text=&#8221;Make H\u00e4kkinen &#038; Pekka Virtanen duo&#8221; button_alignment=&#8221;center&#8221; _builder_version=&#8221;3.23.3&#8243; custom_button=&#8221;on&#8221; button_text_size=&#8221;16px&#8221; button_text_color=&#8221;#000000&#8243; button_border_width=&#8221;1px&#8221; button_border_radius=&#8221;4px&#8221; button_font=&#8221;Andada|700|||||||&#8221; button_icon=&#8221;%%26%%&#8221; custom_margin=&#8221;|||&#8221; custom_padding=&#8221;10px||10px|&#8221; button_border_width__hover_enabled=&#8221;on&#8221; button_border_width__hover=&#8221;2px&#8221; button_border_color__hover_enabled=&#8221;on&#8221; button_border_color__hover=&#8221;#000000&#8243; button_text_size__hover_enabled=&#8221;on&#8221; button_text_size__hover=&#8221;15px&#8221; button_url=&#8221;#virtanenduo&#8221;][\/et_pb_button][et_pb_button button_text=&#8221;Kronikka&#8221; button_alignment=&#8221;center&#8221; _builder_version=&#8221;3.23.3&#8243; custom_button=&#8221;on&#8221; button_text_size=&#8221;20px&#8221; button_text_color=&#8221;#000000&#8243; button_border_width=&#8221;1px&#8221; button_border_radius=&#8221;4px&#8221; button_font=&#8221;Andada|700|||||||&#8221; button_icon=&#8221;%%26%%&#8221; custom_padding=&#8221;|112px||112px||&#8221; button_border_width__hover_enabled=&#8221;on&#8221; button_border_width__hover=&#8221;2px&#8221; button_border_color__hover_enabled=&#8221;on&#8221; button_border_color__hover=&#8221;#000000&#8243; button_url=&#8221;#kronikka&#8221;][\/et_pb_button][\/et_pb_column][\/et_pb_row][et_pb_row _builder_version=&#8221;3.23.3&#8243; background_size=&#8221;initial&#8221; background_position=&#8221;top_left&#8221; background_repeat=&#8221;repeat&#8221; border_radii=&#8221;on|10px|10px|10px|10px&#8221; border_width_all=&#8221;2px&#8221; border_color_all=&#8221;#b3b3b3&#8243; border_style_all=&#8221;dotted&#8221;][et_pb_column type=&#8221;3_5&#8243; _builder_version=&#8221;3.0.47&#8243;][et_pb_text _builder_version=&#8221;3.23.3&#8243; background_size=&#8221;initial&#8221; background_position=&#8221;top_left&#8221; background_repeat=&#8221;repeat&#8221; custom_padding=&#8221;|0px||15px&#8221;]<\/p>\n<h2>Trubaduuri Make H\u00e4kkinen<\/h2>\n<p><span>\u00a0<\/span><\/p>\n<p><span>Make on tehnyt trubaduurina keikkoja parin vuosikymmenen ajan. Make on esiintynyt kaikenlaisissa tilaisuuksissa \u2013 kehdosta hautaan, tuhannen kapakan kautta. Make on tuttu kasvo yhteislaulutilaisuuksista, firmojen juhlista, pubikeikoilta ja monista yksityistilaisuuksista. Ohjelmisto on monipuolinen ja asiakkaan toiveet otetaan huomioon mahdollisuuksien mukaan.<\/span><\/p>\n<p><span>Make on tehnyt paljon my\u00f6s juontokeikkoja.<\/span><\/p>\n<p><span>Ota yhteytt\u00e4, suunnitellaan yhdess\u00e4 tilaisuutesi musiikit.<\/span><\/p>\n<p>[\/et_pb_text][\/et_pb_column][et_pb_column type=&#8221;2_5&#8243; _builder_version=&#8221;3.0.47&#8243;][et_pb_image src=&#8221;http:\/\/makehakkinen.fi\/wp-content\/uploads\/2019\/07\/021-e1570992604634.jpg&#8221; _builder_version=&#8221;3.23.3&#8243; border_radii=&#8221;on|4px|4px|4px|4px&#8221;][\/et_pb_image][\/et_pb_column][\/et_pb_row][\/et_pb_section][et_pb_section fb_built=&#8221;1&#8243; specialty=&#8221;on&#8221; _builder_version=&#8221;3.23.3&#8243; border_width_top=&#8221;1px&#8221; border_width_bottom=&#8221;1px&#8221; custom_padding=&#8221;||0px|||&#8221;][et_pb_column type=&#8221;2_3&#8243; specialty_columns=&#8221;2&#8243; _builder_version=&#8221;3.0.47&#8243;][et_pb_row_inner module_id=&#8221;fanclub&#8221; _builder_version=&#8221;3.23.3&#8243;][et_pb_column_inner type=&#8221;4_4&#8243; saved_specialty_column_type=&#8221;2_3&#8243; _builder_version=&#8221;3.0.47&#8243;][et_pb_text _builder_version=&#8221;3.23.3&#8243; background_size=&#8221;initial&#8221; background_position=&#8221;top_left&#8221; background_repeat=&#8221;repeat&#8221; width=&#8221;92%&#8221; module_id=&#8221;fanclub&#8221;]<\/p>\n<h2>Fan Club<\/h2>\n<p><em>\u00a0-cover duo-<\/em><\/p>\n<p><span>\u00a0<\/span><\/p>\n<p><span>Lotta ja Make H\u00e4kkisen laulu\/kitara -duo. Ohjelmisto koostuu nostalgisista lauluista t\u00e4m\u00e4n p\u00e4iv\u00e4n hitteihin. Asiakkaan toivomia kappaleita liitet\u00e4\u00e4n ohjelmistoon mahdollisuuksien mukaan.<\/span><\/p>\n<p><span>Fan Club -cover duo luo tunnelmaa tilaisuuteesi, oli sitten kyseess\u00e4 h\u00e4\u00e4t, syntym\u00e4p\u00e4iv\u00e4t, pikkujoulut, yksityisjuhlat tai firman tilaisuudet.<\/span><\/p>\n<p><span>Lotan kaunis laulu, Maken kitaran soitto ja stemmalaulu mahdollistaa monipuolisen ohjelmiston. Lotta ja Make ovat tehneet yhdess\u00e4 musiikkia kohta 20 vuotta: musikaalia, musiikkiteatteria ja duokeikkoja. Fan Club duolle on nyt koottu uutta ohjelmistoa englanniksi ja suomeksi.<\/span><\/p>\n<p><span>Fan Club duon voi tilata my\u00f6s triona. Mukaan liittyy silloin toinen kitaristi.<\/span><\/p>\n<p><span><\/span><\/p>\n<p>[\/et_pb_text][\/et_pb_column_inner][\/et_pb_row_inner][\/et_pb_column][et_pb_column type=&#8221;1_3&#8243; _builder_version=&#8221;3.0.47&#8243;][et_pb_image src=&#8221;http:\/\/makehakkinen.fi\/wp-content\/uploads\/2019\/07\/makelotta_170X-e1570992696746.jpg&#8221; _builder_version=&#8221;3.23.3&#8243; border_radii=&#8221;on|5px|5px|5px|5px&#8221; custom_margin=&#8221;|||-36px||&#8221;][\/et_pb_image][et_pb_image src=&#8221;http:\/\/makehakkinen.fi\/wp-content\/uploads\/2019\/07\/004-e1570992755843.jpg&#8221; _builder_version=&#8221;3.23.3&#8243; border_radii=&#8221;on|5px|5px|5px|5px&#8221; custom_margin=&#8221;|||-35px||&#8221;][\/et_pb_image][\/et_pb_column][\/et_pb_section][et_pb_section fb_built=&#8221;1&#8243; _builder_version=&#8221;3.23.3&#8243; background_color=&#8221;#ededed&#8221;][et_pb_row module_id=&#8221;duo&#8221; _builder_version=&#8221;3.23.3&#8243;][et_pb_column type=&#8221;3_5&#8243; _builder_version=&#8221;3.23.3&#8243;][et_pb_image src=&#8221;http:\/\/makehakkinen.fi\/wp-content\/uploads\/2019\/07\/007.jpg&#8221; _builder_version=&#8221;3.23.3&#8243; border_radii=&#8221;on|5px|5px|5px|5px&#8221; min_height=&#8221;366px&#8221;][\/et_pb_image][\/et_pb_column][et_pb_column type=&#8221;2_5&#8243; _builder_version=&#8221;3.23.3&#8243;][et_pb_text _builder_version=&#8221;3.23.3&#8243; text_font=&#8221;||||||||&#8221; header_font=&#8221;||||||||&#8221; header_2_font=&#8221;||||||||&#8221; header_2_font_size=&#8221;25px&#8221; header_3_font=&#8221;||||||||&#8221; background_size=&#8221;initial&#8221; background_position=&#8221;top_left&#8221; background_repeat=&#8221;repeat&#8221; module_id=&#8221;virtanenduo&#8221;]<\/p>\n<h2><span>Make H\u00e4kkinen &amp; Pekka Virtanen Duo<\/span><\/h2>\n<p>&nbsp;<\/p>\n<p><span>N\u00e4m\u00e4 iloiset veijarit ovat viihdytt\u00e4neet yleis\u00f6\u00e4\u00e4n kimpassa jo 10 vuoden ajan. Make ja Pekka soittavat mieluusti niin h\u00e4iss\u00e4, syntt\u00e4reill\u00e4, latotansseissa kuin pubi keikoillakin.<\/span><\/p>\n<p><span>Luvassa on kaikkien tuntemia biisej\u00e4 jazz standardeista suomirokin kautta kauniisiin balladeihin. Ohjelmisto kootaan aina tilaisuuden mukaan eli asiakkaan toiveita noudattaen. Duon laajasta kappalevalikoimasta l\u00f6ytyy varmasti kaikille mieluisat kappaleet.<\/span><\/p>\n<p><span>Maken komeaa laulua ja Pekan virtuoosimaista kitaran soittoa on ilo kuulla ja v\u00e4lill\u00e4 n\u00e4m\u00e4 herrat innostuvat kertomaan hulvattomia tarinoita keikkareissuiltaan.<\/span><\/p>\n<p><span>\u201dKun on kaksi kitaraa ja molemmat sjungaa, niin se on jo b\u00e4ndi!\u201d<\/span><\/p>\n<p>[\/et_pb_text][\/et_pb_column][\/et_pb_row][\/et_pb_section][et_pb_section fb_built=&#8221;1&#8243; _builder_version=&#8221;3.23.3&#8243; border_width_top=&#8221;1px&#8221; border_width_bottom=&#8221;1px&#8221; custom_padding=&#8221;||0px|||&#8221;][et_pb_row module_id=&#8221;band&#8221; _builder_version=&#8221;3.23.3&#8243;][et_pb_column type=&#8221;1_5&#8243; _builder_version=&#8221;3.23.3&#8243;][et_pb_text _builder_version=&#8221;3.23.3&#8243; background_size=&#8221;initial&#8221; background_position=&#8221;top_left&#8221; background_repeat=&#8221;repeat&#8221; custom_padding=&#8221;67px|||||&#8221;]<\/p>\n<p><span>Make H\u00e4kkinen Band tarjoaa raudanlujalla ammattitaidolla ja kokemuksella Rock\u2019n\u2019roll Cocktailin, joka ei j\u00e4t\u00e4 kylm\u00e4ksi ket\u00e4\u00e4n. Ohjelmistossa on biisej\u00e4 50-luvulta t\u00e4h\u00e4n p\u00e4iv\u00e4\u00e4n. Suomirokkia ja ulkolaisia rockhelmi\u00e4. Perinteinen tanssimusiikki luonnistuu yht\u00e4 lailla.<\/span><\/p>\n<p>&nbsp;<\/p>\n<p><span><\/span><\/p>\n<p>[\/et_pb_text][\/et_pb_column][et_pb_column type=&#8221;3_5&#8243; _builder_version=&#8221;3.23.3&#8243;][et_pb_text _builder_version=&#8221;3.23.3&#8243; text_font=&#8221;||||||||&#8221; text_text_align=&#8221;center&#8221; header_font=&#8221;||||||||&#8221; module_id=&#8221;hakkinenband&#8221;]<\/p>\n<h2>Make H\u00e4kkinen Band<\/h2>\n<p>[\/et_pb_text][et_pb_image src=&#8221;http:\/\/makehakkinen.fi\/wp-content\/uploads\/2019\/07\/011-e1570992818864.jpg&#8221; _builder_version=&#8221;3.23.3&#8243; border_radii=&#8221;on|10px|10px|10px|10px&#8221;][\/et_pb_image][et_pb_text _builder_version=&#8221;3.23.3&#8243; text_font=&#8221;||||||||&#8221; ul_font=&#8221;||||||||&#8221; text_orientation=&#8221;center&#8221;]<\/p>\n<div class=\"et_pb_text_inner\">\n<div data-shortcode-id=\"4.0.0.0-1564089690237\" data-quickaccess-editable=\"yes\" class=\"et-fb-popover-tinymce\">\n<div class=\"mce-content-body\" contenteditable=\"true\">\n<p><span>Make H\u00e4kkinen Bandin muodostavat: Make H\u00e4kkinen laulu\/kitara, Pekka Virtanen kitara\/laulu, Jussi Kinnunen basso\/laulu ja Jussi J\u00e4rvinen rummut. Herrat ovat kaikki pitk\u00e4n linjan <strong>ammattimuusikoita<\/strong>.<\/span><\/p>\n<p>&nbsp;<\/p>\n<\/div>\n<\/div>\n<\/div>\n<div class=\"et-fb-mousetrap et-fb-mousetrap--module et-fb-mousetrap-move\"><\/div>\n<p>[\/et_pb_text][\/et_pb_column][et_pb_column type=&#8221;1_5&#8243; _builder_version=&#8221;3.23.3&#8243;][et_pb_text _builder_version=&#8221;3.23.3&#8243; custom_padding=&#8221;63px|||||&#8221;]<\/p>\n<p><span>B\u00e4ndi soittaa: klubeilla, yrityksien juhlissa, pikkujouluissa, h\u00e4iss\u00e4 ja yksityistilaisuuksissa. Illan ohjelmistoa voidaan helposti muokata tilaajan toiveiden mukaan.<\/span><\/p>\n<p><span>\u00a0<\/span><span>Ota yhteytt\u00e4, niin suunnitellaan tilaisuuden musiikit yhdess\u00e4.<\/span><\/p>\n<p>[\/et_pb_text][\/et_pb_column][\/et_pb_row][\/et_pb_section][et_pb_section fb_built=&#8221;1&#8243; _builder_version=&#8221;3.23.3&#8243; background_color=&#8221;#ededed&#8221; border_width_bottom=&#8221;1px&#8221;][et_pb_row module_id=&#8221;kronikka&#8221; _builder_version=&#8221;3.23.3&#8243;][et_pb_column type=&#8221;3_5&#8243; _builder_version=&#8221;3.23.3&#8243;][et_pb_text _builder_version=&#8221;3.23.3&#8243; background_size=&#8221;initial&#8221; background_position=&#8221;top_left&#8221; background_repeat=&#8221;repeat&#8221; module_id=&#8221;kronikka&#8221;]<\/p>\n<h2>Kronikka<\/h2>\n<p><em>H\u00f6veli 100 vuotias suomalainen laulu<\/em><\/p>\n<p>&nbsp;<\/p>\n<p>Kronikassa esitell\u00e4\u00e4n suomalaisia laulutekstintekij\u00f6it\u00e4 ja kerrotaan heist\u00e4 positiivisia tarinoita laulujen lomassa. Vuorovaikutus yleis\u00f6n kanssa syntyy helposti, kun joku muistaa tarinan jostain artistista tai on tavannut t\u00e4m\u00e4n henkil\u00f6kohtaisesti, esim. Juicen \u2013 kaikkihan Juicen tuntee. Joistakin lauluista voidaan kertoa vaikkapa niiden syntytarinaa jne. Kronikka l\u00e4htee liikkeelle Alfred J. Tannerista. Tannerin voidaan katsoa olevan ensimm\u00e4inen suomenkielisten laulutekstien tekij\u00e4, joka my\u00f6s itse esitti laulunsa. Matka jatkuu mm. Juicen, Helismaan, Vexi Salmen, Hectorin, J. Karjalaisen lauluilla p\u00e4\u00e4tyen Chisun <em>Baden Baden<\/em>iin.<\/p>\n<p>Hyvi\u00e4 lauluja ja rupattelua yleis\u00f6n kanssa, voisi kuvata esityksen kulkua. Lauluja esitt\u00e4\u00e4 ja tarinoita kertoo Make H\u00e4kkinen ja Jussi Kinnunen.<\/p>\n<p>Kronikka sopii tilaisuuksiin hyvin alkuillan ohjelmaksi. Ohjelman kesto on n. 1 tunti. Kestoa voi muokata asiakkaan toiveen mukaisesti.<\/p>\n<p>[\/et_pb_text][\/et_pb_column][et_pb_column type=&#8221;2_5&#8243; _builder_version=&#8221;3.23.3&#8243;][et_pb_slider arrows_custom_color=&#8221;#000000&#8243; dot_nav_custom_color=&#8221;#ffffff&#8221; _builder_version=&#8221;3.23.3&#8243; background_color=&#8221;#ededed&#8221; background_size=&#8221;contain&#8221; min_height=&#8221;387px&#8221; auto=&#8221;on&#8221;][et_pb_slide _builder_version=&#8221;3.23.3&#8243; background_image=&#8221;http:\/\/makehakkinen.fi\/wp-content\/uploads\/2019\/07\/kronikka-pysty-nettiin.png&#8221; background_size=&#8221;contain&#8221;][\/et_pb_slide][et_pb_slide _builder_version=&#8221;3.23.3&#8243; background_image=&#8221;http:\/\/makehakkinen.fi\/wp-content\/uploads\/2019\/07\/IMG_20190726_161119-e1564431301474.jpg&#8221; background_size=&#8221;contain&#8221;][\/et_pb_slide][\/et_pb_slider][\/et_pb_column][\/et_pb_row][\/et_pb_section][et_pb_section fb_built=&#8221;1&#8243; disabled_on=&#8221;on|on|on&#8221; _builder_version=&#8221;3.23.3&#8243; disabled=&#8221;on&#8221;][et_pb_row _builder_version=&#8221;3.23.3&#8243;][et_pb_column type=&#8221;1_2&#8243; _builder_version=&#8221;3.23.3&#8243;][et_pb_text _builder_version=&#8221;3.23.3&#8243;]<\/p>\n<h3>Juontokeikat<\/h3>\n<p>&nbsp;<\/p>\n<p>[\/et_pb_text][\/et_pb_column][et_pb_column type=&#8221;1_2&#8243; _builder_version=&#8221;3.23.3&#8243;][et_pb_text _builder_version=&#8221;3.23.3&#8243;]<\/p>\n<h3>StereoPop<\/h3>\n<p>&nbsp;<\/p>\n<p>[\/et_pb_text][\/et_pb_column][\/et_pb_row][\/et_pb_section]<\/p>\n","protected":false},"excerpt":{"rendered":"<p>Trubaduuri Make H\u00e4kkinen \u00a0 Make on tehnyt trubaduurina keikkoja parin vuosikymmenen ajan. Make on esiintynyt kaikenlaisissa tilaisuuksissa \u2013 kehdosta hautaan, tuhannen kapakan kautta. Make on tuttu kasvo yhteislaulutilaisuuksista, firmojen juhlista, pubikeikoilta ja monista yksityistilaisuuksista. Ohjelmisto on monipuolinen ja asiakkaan toiveet otetaan huomioon mahdollisuuksien mukaan. Make on tehnyt paljon my\u00f6s juontokeikkoja. Ota yhteytt\u00e4, suunnitellaan yhdess\u00e4 tilaisuutesi [&hellip;]<\/p>\n","protected":false},"author":1,"featured_media":0,"parent":0,"menu_order":0,"comment_status":"closed","ping_status":"closed","template":"","meta":{"_et_pb_use_builder":"on","_et_pb_old_content":"","_et_gb_content_width":"","footnotes":""},"class_list":["post-132","page","type-page","status-publish","hentry"],"_links":{"self":[{"href":"http:\/\/makehakkinen.fi\/index.php\/wp-json\/wp\/v2\/pages\/132"}],"collection":[{"href":"http:\/\/makehakkinen.fi\/index.php\/wp-json\/wp\/v2\/pages"}],"about":[{"href":"http:\/\/makehakkinen.fi\/index.php\/wp-json\/wp\/v2\/types\/page"}],"author":[{"embeddable":true,"href":"http:\/\/makehakkinen.fi\/index.php\/wp-json\/wp\/v2\/users\/1"}],"replies":[{"embeddable":true,"href":"http:\/\/makehakkinen.fi\/index.php\/wp-json\/wp\/v2\/comments?post=132"}],"version-history":[{"count":40,"href":"http:\/\/makehakkinen.fi\/index.php\/wp-json\/wp\/v2\/pages\/132\/revisions"}],"predecessor-version":[{"id":298,"href":"http:\/\/makehakkinen.fi\/index.php\/wp-json\/wp\/v2\/pages\/132\/revisions\/298"}],"wp:attachment":[{"href":"http:\/\/makehakkinen.fi\/index.php\/wp-json\/wp\/v2\/media?parent=132"}],"curies":[{"name":"wp","href":"https:\/\/api.w.org\/{rel}","templated":true}]}}